e thousands digit of (-157536)/(-120) - (3/(-15) - 0)?
1
What is the tens digit of -17 - -22 - -90*2?
8
Suppose -o = 4*o - 5*l - 5, o + 3*l - 17 = 0. Let g = -2 + o. Suppose -114 = -g*c - n, -76 = -2*c - 4*n + 6*n. What is the tens digit of c?
3
Let l(o) = 7*o**3 - 15*o**2 + 2*o - 19. Let t(k) = 6*k**3 - 14*k**2 + k - 18. Let n(z) = -5*l(z) + 6*t(z). What is the tens digit of n(10)?
4
Let i(x) = 2 - 7*x**3 - 4*x + 3*x + 6*x**3. Let f be i(0). What is the units digit of ((-4)/16)/(f/(-424))?
3
Suppose 4*q = -3*d - d + 312, -244 = -3*d - q. Suppose 0 = 2*p - d - 111. Suppose -4*c + p = 21. What is the tens digit of c?
1
Let w(d) = 39*d**2 - 16*d + 24. Let s be w(4). Suppose -6*v - s = -1982. What is the units digit of v?
3
Let b be (2 - 5)*(-1)/1. Suppose p - 129 = -n, -2*n - p + 246 = -b*p. Suppose 2*v - 2*d - n = -2*v, -v = 5*d - 59. What is the tens digit of v?
3
Let v be 0/(0 + (4 - 6)). Suppose v*u + 12 = 3*u. What is the tens digit of ((-6)/u)/((-6)/256)?
6
Let b(p) = p**2 + 28*p + 181. What is the tens digit of b(-33)?
4
Let s(u) = 51*u + 31. Let t be s(11). Suppose 448 = 5*n - t. What is the hundreds digit of n?
2
Suppose 5*m = 4*m + 5*m. Suppose 238 = 5*k - 5*s - 347, 4*k + 5*s - 477 = m. What is the units digit of k?
8
Let a = -51 + 52. What is the hundreds digit of (6/(-12))/(a/(-230))?
1
Suppose 0 = 5*o - 5*v - 5485, 15*o - 18*o - 3*v = -3267. What is the tens digit of o?
9
Let p be (186/14 + 1)/((-14)/(-49)). Suppose -3*d - 4*q = -3*q - 37, 0 = -3*d - 3*q + 39. Suppose -p = -3*r - z, 0*z + 2*z + d = r. What is the tens digit of r?
1
Suppose -4*s + 778 = 2*z, 2*z - 65 = 4*s - 855. What is the tens digit of s?
9
Suppose 5*w - 11*w = 6. Let r(a) = 33*a**2 + a. What is the tens digit of r(w)?
3
Suppose -5*b = -82 + 67. Suppose 3 = b*v, -u + 51 = v - 15. What is the tens digit of u?
6
Let r = 647 - -1232. What is the thousands digit of r?
1
Let j = 1 + 2. Suppose 4 = -4*v, j*t - 5*v - 14 = -0*t. Suppose 6*d + t = 7*d. What is the units digit of d?
3
Let v = 181 - 128. Let q = 29 - v. Let k = q - -62. What is the units digit of k?
8
Let r be (-5)/((0 + 1)/1). Let m = r + 18. Suppose n = 53 - m. What is the tens digit of n?
4
Let q(s) = 4*s - 20. Let y be q(4). What is the units digit of (3/6)/(y/(-1232))?
4
Suppose -5*l + 13 = 3*v, 8*v - 4*v = -5*l + 19. Let z be 1/3 + 34/v. What is the tens digit of ((-135)/(-18))/(z/16)?
2
Suppose -6*f + 17150 = 8*f. What is the tens digit of f?
2
Let t(w) = 3*w - 37 - 6*w + 30. What is the units digit of t(-4)?
5
Let b(k) be the second derivative of -k**5/20 - 5*k**4/6 + 5*k**3/6 + 8*k**2 + 17*k. What is the tens digit of b(-11)?
8
Let g be (-3 - -3)/(1 - -1). Suppose g = 4*n - 2*l - 60, -2*l - 12 = -5*l. What is the tens digit of n?
1
Let x(q) = 10*q + 281. Let a be x(0). Suppose -3*k + 4*m = -a, 3*m + 0*m - 12 = 0. What is the units digit of k?
9
Let l be 108/20 - (-3)/5. Suppose 3*s + l = 93. What is the tens digit of s?
2
Let j(f) = f**3 + 1. Let p = -29 - -32. What is the tens digit of j(p)?
2
Let s(j) = -6*j - 7. Let x be s(-8). What is the units digit of -1 + 4 - (-3 - x)?
7
Let t be (2/6)/(2 - 11/6). Suppose -2*r - 2*r = -t*g - 184, -2*r - 2*g + 98 = 0. What is the units digit of r?
7
Let h(s) = -6*s + 30. What is the units digit of h(-10)?
0
Let g(q) = -4*q**3 - q**2 + q - 2. Let a be g(-2). Suppose 0*l - a = -3*l. What is the tens digit of 6*(l + (0 - 3))?
3
Let j = 5251 + -2959. What is the hundreds digit of j?
2
Suppose 7*d + 17 - 31 = 0. Suppose 4 = -5*s - p - 1, -2*s = 3*p + 15. Suppose 66 = 4*b - d*i, -5*b - i + 102 - 23 = s. What is the tens digit of b?
1
Suppose 36*m = 39*m + 258. Let c = m - -98. What is the units digit of c?
2
Suppose m - 2*m + 5 = 0, -2*j - 5 = -m. What is the units digit of 4/8*6 - j?
3
What is the units digit of (2331/(-42))/((-1)/2)?
1
Let j = 36 + 40. Suppose 3*k - 7*k + j = 0. Let v = k - 10. What is the units digit of v?
9
Let s = -7 + 5. Let u(l) = l**2 - 4*l + 122. Let k be u(0). What is the units digit of s/6 - k/(-6)?
0
Let w(s) = s**2 - 14*s - 6. Let j(n) = -n**2 + 7*n + 3. Suppose 3*c = -1 - 8. Let z(t) = c*w(t) - 5*j(t). What is the units digit of z(-5)?
8
Suppose -j + 21 = 2*g - 4*j, 5*g = -3*j. Suppose 5 = t + g. What is the tens digit of (-203)/(-14) - t/4?
1
What is the hundreds digit of (17836/637)/(-2*1/(-163))?
2
Let d = 105 - 48. Suppose 12*i = 15*i - d. What is the tens digit of i?
1
Suppose 3*c + u = 24, -2*u + 7*u = 4*c - 32. Let f = 13 - c. Suppose 10*w - 65 = f*w. What is the tens digit of w?
1
Let v = 371 - 151. Let n = v - 87. What is the units digit of n?
3
What is the tens digit of ((-81)/54)/((-3)/100)?
5
Let j(a) = -a**2 - 66*a - 223. What is the units digit of j(-34)?
5
Let m = 384 + -192. Suppose 1102 = 10*b + m. What is the tens digit of b?
9
Suppose -2268 = -7*p - 91. What is the tens digit of p?
1
Let y be 1 - 1 - (1 - 6). Suppose -y*l - 10 = -195. What is the units digit of l?
7
Let i be 2/12 + 213/18. Let z(u) = 3*u - 22. Let o be z(i). What is the units digit of (0 - -1)/(o/28)?
2
What is the tens digit of (-11231)/(-9) - 5*(-6)/270?
4
Suppose -3 = -f - 0*f. Suppose -r + 30 = 2*l, 0 = -f*r - 5*l + 26 + 59. What is the units digit of r?
0
Suppose 0 = -3*b - 15 - 3. Let m = -65 + 74. Let d = m + b. What is the units digit of d?
3
Suppose -s + 4*j + 12 = 0, j - 1 = 1. Let b = 24 - s. Let u(q) = 2*q**2 + 3*q + 1. What is the tens digit of u(b)?
4
Let i(r) = -2*r**2 + 108*r**3 - 127*r**3 - 4*r + 4*r + 1. Let w be i(-1). Suppose 4*o = w + 58. What is the units digit of o?
9
Let w be (-4)/((-4)/45) - -1. Suppose 72 = 5*z - 63. Let j = w - z. What is the tens digit of j?
1
Let g be -2 + 15/(-18) - 11/66. What is the units digit of (-801)/(-2)*(7/g - -3)?
7
Let l(r) = 30*r**2 - r + 7. Let f be l(3). Let a = -149 + f. What is the tens digit of a?
2
Let r = -498 + 687. What is the hundreds digit of r?
1
Let r(t) = 7*t - 5*t - 30*t + 4*t**2 + 27. What is the units digit of r(9)?
9
Let l = -1977 - -3314. What is the thousands digit of l?
1
Let a = 548 + -285. What is the hundreds digit of a?
2
What is the units digit of 35714/77 + 3 + 62/(-22)?
4
Let r(f) = -130*f + 160. What is the thousands digit of r(-11)?
1
Suppose 155 = 3*q + 2*w, -4*q + w = -0*w - 225. Suppose 2*j - 108 = 2*t, -4*j - 135 = 3*t + q. Let n = -35 - t. What is the tens digit of n?
2
Suppose -17 = -b - 7. Let h(t) = -4 + 2*t - 3*t + 2*t - 1. What is the units digit of h(b)?
5
Suppose -4*a = 4*k - 3*k - 3853, -4*k = 3*a - 2906. What is the tens digit of a?
6
Let i(o) = -4*o. Let q(t) = -2*t + 12. Let x be q(11). Let v = 7 + x. What is the units digit of i(v)?
2
Let g = -469 - -1342. What is the units digit of g?
3
Suppose -10*q = -8*q - 384. Suppose 7*v - q - 109 = 0. What is the units digit of v?
3
Let w(i) = -71*i + 107. What is the units digit of w(-3)?
0
Suppose -12*y + 62 = 2*p - 16*y, -5*p + 139 = -2*y. Let w be 1 + 2/(-4)*0. What is the tens digit of (4 - 2) + (p - w)?
2
Let m = -2 - 1. Let j be (4 - 1) + 3/m. What is the units digit of 2/(-3)*(-3)/j?
1
Let j(n) = 17 - 14*n**2 + 11*n - n**3 + n**3 + n**3. Let d be j(13). What is the units digit of (3/d)/(1/(-27))?
9
Let a be ((-1)/(-2))/((-1)/(-10)). Let q(o) = a + 6 - o - 8*o - o. What is the tens digit of q(-5)?
6
Suppose 6583 = 7*j + 2621. Suppose 403 = 2*z - s - 167, -2*z = -2*s - j. What is the units digit of z?
7
Let x(k) = 2*k. Let h be x(15). Let z = h + -27. What is the units digit of z?
3
Suppose 30*z = 74492 + 9088. What is the tens digit of z?
8
Suppose m - 7*b + 2*b - 1 = 0, 3*m - 36 = 4*b. What is the units digit of (10/(-8))/((-4)/m)?
5
Suppose 7*d - 2*d - 25 = 0. Let n(s) = 4*s + s**3 + d*s**2 - s + 2*s + 3. What is the units digit of n(-3)?
6
Suppose -2*l - 6000 = -4*r, 5*r - 8339 = 2*l - 838. What is the tens digit of r?
0
Let v be (-8)/48 - (-5)/(-6). Let q be -1 + v + 0 + 34. What is the tens digit of 6/(3 - 90/q)?
3
Let q(k) = 64*k**2 - 1. Let n be q(-1). Let h be (-2)/(1 + (-66)/n). Suppose 2*x - h = -0*x. What is the units digit of x?
1
Let g be 8*((-9900)/16)/(-9). Suppose -6*y - 4*y = -g. What is the units digit of y?
5
Let v be -3*(-3 - 4/6). Let z = 11 - v. What is the units digit of 7 + (-1 + 1 - z)?
7
Suppose 8278 - 1768 = 3*t. What is the tens digit of t?
7
Suppose 2*z = -0*z - 195